 remainder when 4956 is divided by 415?
391
What is the remainder when 36162 is divided by 202?
4
What is the remainder when 69697 is divided by 69692?
5
What is the remainder when 39104 is divided by 259?
254
Calculate the remainder when 28170 is divided by 197.
196
Calculate the remainder when 11804 is divided by 2951.
0
What is the remainder when 16242 is divided by 16043?
199
What is the remainder when 344902 is divided by 57483?
4
Calculate the remainder when 106414 is divided by 17735.
4
Calculate the remainder when 20777 is divided by 1598.
3
What is the remainder when 20798 is divided by 1172?
874
What is the remainder when 128244 is divided by 42718?
90
Calculate the remainder when 577842 is divided by 132.
78
What is the remainder when 1694 is divided by 223?
133
What is the remainder when 6120 is divided by 108?
72
Calculate the remainder when 4844 is divided by 1303.
935
Calculate the remainder when 1135 is divided by 232.
207
Calculate the remainder when 6487 is divided by 475.
312
What is the remainder when 9952 is divided by 3?
1
What is the remainder when 7895 is divided by 1575?
20
What is the remainder when 238216 is divided by 119068?
80
What is the remainder when 9088 is divided by 3?
1
Calculate the remainder when 2406 is divided by 411.
351
Calculate the remainder when 68007 is divided by 10.
7
Calculate the remainder when 134856 is divided by 2.
0
What is the remainder when 61807 is divided by 20?
7
What is the remainder when 19959 is divided by 42?
9
Calculate the remainder when 256217 is divided by 54.
41
What is the remainder when 31277 is divided by 184?
181
What is the remainder when 4829176 is divided by 2539?
2537
Calculate the remainder when 366 is divided by 48.
30
What is the remainder when 74132 is divided by 12350?
32
What is the remainder when 2960 is divided by 231?
188
Calculate the remainder when 924970 is divided by 1968.
10
What is the remainder when 4385 is divided by 4219?
166
Calculate the remainder when 1757 is divided by 362.
309
What is the remainder when 5841 is divided by 420?
381
Calculate the remainder when 1819 is divided by 205.
179
Calculate the remainder when 8857 is divided by 1581.
952
What is the remainder when 262 is divided by 177?
85
Calculate the remainder when 132301 is divided by 31.
24
Calculate the remainder when 5499 is divided by 182.
39
What is the remainder when 1433 is divided by 87?
41
Calculate the remainder when 9214 is divided by 6.
4
Calculate the remainder when 17214 is divided by 134.
62
What is the remainder when 200798 is divided by 9?
8
What is the remainder when 4136 is divided by 158?
28
Calculate the remainder when 128677 is divided by 9897.
16
Calculate the remainder when 212 is divided by 17.
8
Calculate the remainder when 627814 is divided by 296.
294
Calculate the remainder when 2437 is divided by 188.
181
Calculate the remainder when 208 is divided by 117.
91
What is the remainder when 123926 is divided by 170?
166
Calculate the remainder when 4661 is divided by 751.
155
Calculate the remainder when 137757 is divided by 34432.
29
What is the remainder when 282179 is divided by 58?
9
What is the remainder when 18657 is divided by 6190?
87
Calculate the remainder when 11487 is divided by 32.
31
What is the remainder when 34092 is divided by 56?
44
What is the remainder when 895 is divided by 788?
107
What is the remainder when 41123 is divided by 2056?
3
What is the remainder when 53 is divided by 8?
5
What is the remainder when 64190 is divided by 34?
32
What is the remainder when 73413 is divided by 101?
87
Calculate the remainder when 5180 is divided by 295.
165
Calculate the remainder when 68399 is divided by 75.
74
Calculate the remainder when 18298 is divided by 244.
242
Calculate the remainder when 641 is divided by 158.
9
What is the remainder when 1869 is divided by 304?
45
Calculate the remainder when 11224 is divided by 14.
10
Calculate the remainder when 15415 is divided by 7.
1
Calculate the remainder when 12135 is divided by 270.
255
Calculate the remainder when 722586 is divided by 104.
98
What is the remainder when 60224 is divided by 239?
235
What is the remainder when 4819076 is divided by 1459?
1458
What is the remainder when 104684 is divided by 23?
11
What is the remainder when 215621 is divided by 432?
53
Calculate the remainder when 2578 is divided by 282.
40
What is the remainder when 941 is divided by 313?
2
What is the remainder when 3955 is divided by 337?
248
What is the remainder when 3646 is divided by 1686?
274
What is the remainder when 2859 is divided by 257?
32
Calculate the remainder when 5399 is divided by 971.
544
Calculate the remainder when 2394 is divided by 20.
14
What is the remainder when 24619 is divided by 76?
71
What is the remainder when 21886 is divided by 883?
694
Calculate the remainder when 10280 is divided by 13.
10
What is the remainder when 292 is divided by 154?
138
Calculate the remainder when 31789 is divided by 34.
33
What is the remainder when 1850021 is divided by 86?
75
Calculate the remainder when 237182 is divided by 59293.
10
What is the remainder when 187831 is divided by 46956?
7
What is the remainder when 77257 is divided by 283?
281
What is the remainder when 115985 is divided by 106?
21
Calculate the remainder when 2131 is divided by 162.
25
Calculate the remainder when 474142 is divided by 217.
214
Calculate the remainder when 38085 is divided by 771.
306
Calculate the remainder when 30695 is divided by 557.
60
What is the remainder when 1239 is divided by 17?
15
What is the remainder when 15616 is divided by 71?
67
What is the remainder when 1023 is divided by 49?
43
Calculate the remainder when 633 is divided by 401.
232
What is the remainder when 1542 is divided by 98?
72
What is the remainder when 1267 is divided by 797?
470
Calculate the remainder when 7728 is divided by 552.
0
Calculate the remainder when 35055 is divided by 14.
13
What is the remainder when 205230 is divided by 254?
252
Calculate the remainder when 6955 is divided by 249.
232
What is the remainder when 3864 is divided by 1249?
117
Calculate the remainder when 108746 is divided by 48.
26
Calculate the remainder when 4846 is divided by 265.
76
Calculate the remainder when 1698 is divided by 63.
60
Calculate the remainder when 30572 is divided by 21.
17
What is the remainder when 51362 is divided by 598?
532
What is the remainder when 26640 is divided by 5263?
325
Calculate the remainder when 209506 is divided by 158.
156
Calculate the remainder when 72036 is divided by 57.
45
Calculate the remainder when 31394 is divided by 654.
2
What is the remainder when 10315 is divided by 156?
19
Calculate the remainder when 5101 is divided by 57.
28
Calculate the remainder when 8956 is divided by 4362.
232
Calculate the remainder when 11201 is divided by 112.
1
Calculate the remainder when 1813 is divided by 58.
15
Calculate the remainder when 995496 is divided by 362.
358
What is the remainder when 46734 is divided by 25?
9
Calculate the remainder when 37594 is divided by 56.
18
Calculate the remainder when 2491 is divided by 193.
175
What is the remainder when 7538 is divided by 87?
56
What is the remainder when 117680 is divided by 14?
10
What is the remainder when 292014 is divided by 165?
129
Calculate the remainder when 1653 is divided by 425.
378
What is the remainder when 24002 is divided by 34?
32
What is the remainder when 88319 is divided by 5519?
15
Calculate the remainder when 7672 is divided by 126.
112
What is the remainder when 3855 is divided by 60?
15
Calculate the remainder when 4400 is divided by 2195.
10
What is the remainder when 2077 is divided by 2058?
19
What is the remainder when 18122 is divided by 6007?
101
Calculate the remainder when 141808 is divided by 48.
16
What is the remainder when 19607 is divided by 3?
2
What is the remainder when 26910 is divided by 59?
6
Calculate the remainder when 2505 is divided by 46.
21
Calculate the remainder when 61201 is divided by 20380.
61
Calculate the remainder when 281698 is divided by 166.
162
What is the remainder when 43142 is divided by 92?
86
Calculate the remainder when 75369 is divided by 15.
9
Calculate the remainder when 101093 is divided by 524.